ase 5) to base 9
17687554
681297 (base 10) to base 16
a6551
What is 295b5 (base 15) in base 14?
36624
What is -103b60 (base 16) in base 3?
-2000001020010
What is 744911 (base 10) in base 9?
1354738
966730 (base 12) to base 11
1382679
1829596 (base 12) to base 6
255523510
What is -211200220012 (base 3) in base 12?
-196695
7650a (base 11) to base 9
178341
-11000100110110100110 (base 2) to base 6
-25140530
-3312220 (base 4) to base 13
-7252
Convert 4414004033 (base 5) to base 9.
18813622
1125998 (base 10) to base 11
6a9a85
What is 7205569 (base 11) in base 5?
11224332424
-11a488 (base 11) to base 2
-101110010010001110
30074a (base 12) to base 14
156614
Convert -2788625 (base 9) to base 16.
-176c4e
-101010111110011101001 (base 2) to base 8
-5276351
Convert 10100101100111100111 (base 2) to base 8.
2454747
Convert -12ca48 (base 13) to base 5.
-104102104
What is 1020120112120 (base 3) in base 11?
411579
Convert -2775652 (base 8) to base 9.
-1426230
Convert 20220343 (base 6) to base 16.
8d267
-1291991 (base 10) to base 5
-312320431
Convert 2087585 (base 9) to base 5.
241332310
8084a4 (base 15) to base 12
2063a3a
Convert -222221122100 (base 3) to base 12.
-216b83
-11111011001000001011 (base 2) to base 3
-1221021000000
What is -3844391 (base 10) in base 6?
-214222035
5411541 (base 6) to base 14
6cd93
Convert 419457 (base 10) to base 11.
267165
29113f (base 16) to base 5
1142111031
103344334 (base 5) to base 11
288083
68372 (base 13) to base 9
318002
Convert 124121030 (base 7) to base 15.
a620db
What is -2a59989 (base 11) in base 2?
-10011111111010011000010
Convert 246480 (base 11) to base 9.
652821
Convert a84900 (base 12) to base 9.
5007130
17229 (base 16) to base 4
113020221
-92a831 (base 11) to base 2
-101101100100000111101
Convert 319945 (base 12) to base 13.
215bac
Convert -22200122021111 (base 3) to base 6.
-242553321
11033323320 (base 4) to base 7
14460432
What is 1172a4 (base 13) in base 10?
415705
-64113062 (base 7) to base 15
-7247c5
66591 (base 15) to base 5
40402021
Convert -2135244 (base 6) to base 15.
-216c1
Convert 412024412 (base 5) to base 16.
198a04
Convert -2173496 (base 11) to base 12.
-13396b6
What is 173c013 (base 15) in base 5?
13311224033
Convert -22120100102 (base 3) to base 6.
-3340445
Convert -744296 (base 12) to base 2.
-110111111010010010010
4144452 (base 6) to base 14
53184
What is -1001010110011011001000 (base 2) in base 4?
-21112123020
Convert 212100000211100 (base 3) to base 6.
1121443313
What is 11214330 (base 5) in base 12?
4a6a7
Convert -61526 (base 10) to base 11.
-42253
-10100202202 (base 3) to base 16
-1027a
-1e234d (base 16) to base 11
-1129a31
What is -a3829a (base 13) in base 15?
-505cd9
What is -765053 (base 11) in base 15?
-1920b1
Convert -305946 (base 11) to base 3.
-220221110020
What is -322763 (base 8) in base 11?
-7417a
What is -5ee7b1 (base 16) in base 13?
-1399cc3
What is -2805365 (base 9) in base 4?
-11313302111
Convert 10011011010010111011101 (base 2) to base 8.
23322735
-415ab (base 12) to base 3
-11100022112
241e55 (base 15) to base 8
6456557
What is 16a1755 (base 12) in base 3?
22211020021202
Convert 208568a (base 13) to base 11.
5648745
27200 (base 15) to base 3
20100220200
22012224 (base 7) to base 4
13030112103
What is 7a4f2 (base 16) in base 10?
500978
Convert 1463550 (base 7) to base 12.
98100
What is 159900 (base 10) in base 9?
263306
Convert -a5794a (base 13) to base 3.
-21021202100020
Convert -3407470 (base 9) to base 6.
-103204013
Convert 123444213 (base 5) to base 7.
5115260
What is -41124 (base 12) in base 16?
-14b6c
9c1502 (base 13) to base 9
6840155
What is 343371 (base 8) in base 2?
11100011011111001
-519382 (base 12) to base 13
-35b09a
-11022332120 (base 4) to base 11
-84659a
Convert -104131322 (base 6) to base 15.
-2717b2
13c235 (base 13) to base 5
110434342
What is 2917c4 (base 13) in base 14?
1c1835
Convert -12373624 (base 8) to base 11.
-1609424
Convert 23c8b0 (base 14) to base 15.
1931d1
Convert -1244102 (base 5) to base 8.
-60506
What is -11201010210 (base 3) in base 5?
-10431220
Convert -420304001 (base 5) to base 2.
-110100110000001110010
311a22 (base 15) to base 8
10717307
Convert -29714 (base 11) to base 10.
-42123
Convert 1653216 (base 8) to base 15.
9775a
What is 10310442 (base 5) in base 14?
24235
Convert 522292 (base 15) to base 12.
1384132
What is -1110220 (base 3) in base 14?
-56d
Convert -2377720 (base 10) to base 16.
-2447f8
520262 (base 8) to base 9
282204
What is -1889254 (base 14) in base 10?
-12164618
Convert -c30cc4 (base 14) to base 6.
-352504204
What is -a11637 (base 11) in base 6?
-54513320
-11010011110100110010101 (base 2) to base 3
-111001122100221
-2809a (base 14) to base 13
-36043
Convert 20223110131 (base 4) to base 8.
10532435
-103401 (base 10) to base 16
-193e9
What is -10205431 (base 6) in base 14?
-7a1d1
b4d3 (base 15) to base 3
1221102200
What is 2208475 (base 12) in base 13?
1460477
Convert -439702 (base 12) to base 4.
-10012032302
What is -10a0bd (base 15) in base 14?
-169167
What is 13010321 (base 4) in base 8?
70471
What is 21012120222210 (base 3) in base 7?
44361435
What is 124342312 (base 5) in base 15?
c428c
Convert 6302c (base 15) to base 12.
1317b9
-2020220122212 (base 3) to base 14
-232d1c
What is 4004212 (base 6) in base 7?
1410563
Convert 22380c (base 14) to base 10.
1162292
What is -3f12d (base 16) in base 10?
-258349
-c1ca4 (base 14) to base 11
-299318
What is 231b7 (base 12) in base 5?
3000224
Convert -1298737 (base 10) to base 2.
-100111101000100110001
145405023 (base 6) to base 8
13542007
What is 350a00 (base 16) in base 14?
666a76
-105854 (base 10) to base 7
-620420
20020102202012 (base 3) to base 5
1322042213
Convert 143585 (base 9) to base 14.
240b0
Convert -367668 (base 11) to base 13.
-174673
What is 133330013 (base 4) in base 9?
218408
What is 26a77 (base 15) in base 2?
11110001111010110
Convert -1cceb1 (base 15) to base 2.
-101011000011010000011
Convert -902c11 (base 13) to base 9.
-6262621
What is -337008 (base 9) in base 11?
-1287a3
5774656 (base 10) to base 9
11771304
Convert 100210102002010 (base 3) to base 4.
103312212210
Convert -238a36 (base 13) to base 5.
-204110310
What is 657a07 (base 14) in base 15?
47e4b9
-4250f (base 16) to base 12
-11123b
What is 11001110110110100 (base 2) in base 8?
316664
Convert -4525214 (base 8) to base 4.
-10222222030
-4525501 (base 8) to base 4
-10222231001
-22b537 (base 14) to base 6
-41212021
-1006003 (base 7) to base 9
-202181
1365665 (base 10) to base 3
2120101100012
What is 11000330303 (base 4) in base 12?
53492b
Convert -1076566 (base 8) to base 5.
-33404022
Convert -3a6 (base 16) to base 12.
-65a
335265 (base 14) to base 3
10021112211122
862184 (base 9) to base 12
209111
-1cc045 (base 13) to base 9
-1347627
Convert 165863 (base 9) to base 15.
206b0
-208c5c (base 15) to base 6
-53105053
Convert 245346 (base 8) to base 3.
11022012102
Convert -4522e (base 15) to base 11.
-140211
381021 (base 9) to base 6
4534331
What is 1973072 (base 10) in base 8?
7415520
Convert 626220 (base 7) to base 3.
12110220010
What is -4535105 (base 8) in base 15?
-1939c3
Convert 240535324 (base 6) to base 10.
4522948
Convert -2712751 (base 8) to base 12.
-307489
What is 17a2e (base 16) in base 15?
1da44
-14653052 (base 7) to base 13
-3a3b89
Convert -220031032 (base 4) to base 9.
-270814
What is 10a867 (base 11) in base 9?
286541
Convert -201324443 (base 5) to base 2.
-11000101010010111011
-12012012021 (base 3) to base 16
-18f3a
b38104 (base 16) to base 3
211010200010200
What is 529234 (base 10) in base 4?
2001031102
What is -210311011323 (base 4) in base 3?
-200011111200200
What is -ba9476 (base 14) in base 6?
-343330052
-38bbc (base 16) to base 11
-149655
Convert 253e25 (base 15) to base 3.
10100200210222
-7060288 (base 9) to base 14
-6dc219
Convert -dc2613 (base 15) to base 2.
-101000000000011011000101
-c81da (base 14) to base 3
-220120000012
-e497b (base 15) to base 7
-6104633
What is 162011 (base 8) in base 15?
1246c
Convert 7241a (base 13) to base 8.
620334
What is -e9576e (base 16) in base 6?
-1303433314
Convert 1a1988b (base 13) to base 7.
133003251
What is -49601 (base 10) in base 15?
-ea6b
What is -1894b8 (base 15) in base 11?
-747492
1001101001011101100 (base 2) to base 5
40104030
Convert -4876